+ 26 + 0.
5
Calculate 9 + (-6 - 3) - (-52 + (3 - 14)).
63
What is the value of -5 + (-8 - 21) - -17?
-17
-5 - (5 + -4) - (37 + -9 - 13 - 5)
-16
1 - (-2 - (7 - 4 - (61 - 45))) - -49
39
(41 - 12) + 26 - 22
33
-5 - (-48 - 29 - -83)
-11
Calculate -9 + (-1 - -32) - (-8 - 6 - -4).
32
What is the value of -9 - (-47 + 25 + -6 + -7 + -11)?
37
What is the value of 3 + ((35 - 32) + -29 - -7)?
-16
What is 214 + -40 + -22 + -76?
76
Evaluate -44 - ((-4 - 1) + (259 - 254)).
-44
Calculate 152 - (49 - -96) - (1 - 30 - (-2 + 2)).
36
What is -4 + -9 + 10 - (-14 + 7) - 62?
-58
(-2 - -15) + (0 - 6) - (11 + -8 + 10)
-6
What is -8 - -12 - (-18 - (52 + -33))?
41
What is the value of 8 - 0 - (1 + (11 - -9) + -20) - -4?
11
Calculate 67 - ((5 - -1) + 3 - 0 - -7).
51
Calculate -5 + 2 + (35 - (26 - (12 + 22))).
40
What is 13 + 10 - (2 - (-16 + 3)) - -13?
21
Calculate 135 + -89 + -93 + (1 - -4).
-42
What is 32 + -22 + (2 - 7 - (8 + 13))?
-16
What is 159 + (-7 - 19) + (74 - 89)?
118
Evaluate -538 + 462 - (-1 + -60).
-15
-2324 + 2338 + -2 + (3 - 4 - (-1 + -2))
14
What is (4 - 2) + (80 - 73)?
9
Calculate -29 + -2 + 5 + -7 + 11 + 4.
-18
What is (-87 - (-170 + 73)) + 0 + -14?
-4
What is (-14 - 7) + 48 + -67?
-40
Calculate -153 + 151 - (-47 - -4).
41
Evaluate -7 + 9 + -43 - (-13 - -3).
-31
What is the value of (-10 - (-4 + 1 + 6 + -7 + 0)) + 32?
26
Evaluate 0 + 40 + 51 + -83 + 21.
29
What is the value of 0 - ((6 - 4 - (-1 - 7)) + -1 - -40)?
-49
842 - 865 - (-119 - -6)
90
-92 - (-469 - -497 - (27 - -1))
-92
What is 50 + -23 + -34 + -26?
-33
What is the value of -6 + (11 - (-3 - -8)) + 8 - (0 + 33)?
-25
Calculate (-70 - -51 - (-1 - 33)) + 33.
48
(-4 + 2 + 0 - -53) + 2133 + -2130
54
Evaluate -19 - (4 + 2 - (-48 - -92)) - -14.
33
What is (20 + (20 - 51) + (-3 - -1) - -7) + -40?
-46
(-20 - -101 - 146) + 34
-31
What is (11 - 9 - 1) + 5 + -2?
4
Calculate (-1 - 16) + 34 + (-78 - -37) + 5 + 1.
-18
What is the value of 109 + -39 - (-15 + (46 - 28))?
67
40 + -13 + (155 - 154) + (1 - -4)
33
What is -6 + (11 + -14 - 9) + (6 - -5)?
-7
What is (-7 + -1 - ((-1 - 2) + -1)) + -14 + -6?
-24
What is the value of 3 - (-356 - -311 - (-5 + 1 + 1))?
45
What is the value of -1 - 95 - (6095 - 6144)?
-47
(1 - (-3 - -5) - 26) + (-41 - (99 - 149))
-18
Calculate (35 - 28 - (6 - -1)) + (40 - (1 - 73)).
112
54 + (-31 - ((0 - -13) + -29))
39
Evaluate 52 + (-7 - (-10 + -10)) + -2 - 2 - -12.
73
-49 + (84 - -42) + -61
16
What is the value of -5 + (21 - 3 - 11) - -12 - (-40 + 172)?
-118
What is the value of 110 + -99 + (-25 - -1 - 0)?
-13
Evaluate ((3 - -4) + 64 - (-176 - -202)) + 6 + 0.
51
What is the value of -11 - -24 - 9 - (-8 - (-5 + -11)) - -67?
63
14 + (34 - (34 - 2))
16
Evaluate 56 + (48 - 101) + 61.
64
Calculate (11 - (3 + (2 - 2))) + (-41 - 54).
-87
Calculate 5 + (-24 - (-18 + 3 + 23)).
-27
What is -24 + 2 - (4 + 20 + -27)?
-19
Calculate (-4 - 51) + (81 - -9) + -67.
-32
(-49 + -18 - -153) + -5 + 1 + -2
80
-1535 + 1554 + (-60 - (-3 + -1))
-37
What is -2 - (3 + 42) - (-5 + -6 + 13 + 2)?
-51
29 - (83 + -33) - (33 + 11)
-65
Calculate -6 + 8 + -2 + 19 - 9 - (-8 - -4).
14
Calculate -19 - ((-33 - 18) + 1 - 1).
32
Evaluate -3818 + 3750 + 0 + 152.
84
What is the value of -40 + 12 + -13 + -3 + -4 + 8 + 1?
-39
Evaluate (0 - 37) + (26 - (46 + -16) - (-9 - 0)).
-32
Calculate -15 + -9 + 8 + -6 + 20 + -41.
-43
What is (3 + 4 - 8) + 5 + (-1 - (24 - 48))?
27
What is 18 - (-52 + (33 - -10) + -23)?
50
What is the value of (0 - 14) + (15 - (18 + 18))?
-35
What is the value of -4 + 6 - (40 - (-15 - -20))?
-33
Evaluate 25 + (43 - -14) - 28.
54
Calculate -20706 + 20812 + -33 + 0 + 1.
74
What is 56 - (44 - (-51 + 95))?
56
What is 133 + (-2 + -73 - -12)?
70
What is -2 + -43 - (5 + -19)?
-31
Calculate (-2 - 0) + -173 + 73 + 103 + (1 - 106).
-104
Calculate (3 - 2 - 19) + (-2 - 6) + 271 + -272.
-27
Calculate -41 + (10 - 17) - -86.
38
Calculate 11 - (1 - (34 + (10 - (-7 + 12)))).
49
Calculate -8 + (12 - -13) - (-38 + 31).
24
What is 90 + -39 - ((-1 - -7) + -59 + 38)?
66
What is (1 + 1 - (2062 - 2089) - (0 - 7)) + 0?
36
114 + 41 + -117 - 73
-35
Evaluate -6 - (35 - (-20 - (18 + -45))).
-34
What is the value of -13 - (15 - 25) - 3?
-6
What is the value of -36 + (4 + 25 - -35)?
28
Calculate 1 + 11 + 86 + -83 + -5 + (1 - -45).
56
What is -63 - -4 - (19 - (-2 + (5 - -13)))?
-62
Calculate 87 - 4 - (-2269 + 2281).
71
Calculate -23 - -14 - (3 + (9 - 30)).
9
What is the value of 70 + -111 + 41 + (-26 + -2 - 1)?
-29
What is 1 - (33 + -3) - ((13 - 24) + 16)?
-34
What is the value of (31 + -30 + 3 - 13) + -28?
-37
What is (76 - 158 - -33) + -14 + -5?
-68
Evaluate (24 - (-13 + 19)) + -34.
-16
Calculate -1 - (1 + 58) - (-9 + (14 - (-76 + 71))).
-70
What is the value of -11 - (10 + 12 - (1 - (-5 - 5)))?
-22
What is the value of -508 - -564 - (135 + 8)?
-87
8 + (2 - -11 - (5 + -13 + 10))
19
What is (-17 + 19 + -18 - -26) + (-9 - 0) + -56?
-55
Evaluate 34 + -35 + 11 + (-19 - 3).
-12
What is the value of (-31 - -1) + (-518 - -562)?
14
What is the value of 11 + (2 + -3 - (238 - 236))?
8
Evaluate 45 - (-10 + (-11 - -12 - 0) - (-3 - 0)).
51
Calculate 55 + (-34 - -47 - 3 - -5).
70
What is 9 + 8 + (-15 - -9) + (-34 - (1 - -4))?
-28
Evaluate 171 + -92 - ((4 - 1) + 18).
58
What is 4 - -1 - (9 - 16) - (-114 + 69)?
57
What is -13 + (30 - (9 + (17 - 13))) + 7 + -43?
-32
Calculate 21 - 137 - (-160 + 96).
-52
What is (730 - 702) + -1 + -18?
9
Calculate -3 - (-1 + (-55 - 12) - -6 - 10 - -5).
64
What is the value of (-7 - (11 - 24) - 21) + -17 + 11 + 2?
-19
Evaluate -311 + 302 + -17 + 0 + -8.
-34
What is 75 - (11 - -63) - -51?
52
What is (6 - (28 - (2 - -10))) + 14 + -40?
-36
5 + -5 + 10 - (-14 - (-13 + 16 + 15))
42
Evaluate 43 + -31 + -19 + (-13 - 2).
-22
What is -12 + (0 + -2 - (185 - 150))?
-49
-10 + (-41 - (-28 - -76)) + 0
-99
-15 + -3 + 1 + 48 + -38 - 14
-21
Calculate -19 + (7 - (55 - 213)).
146
Evaluate -23 + -4 + 4 - (-2451 - -2400).
28
What is the value of -3 - (4 + -10 + 67 - 22)?
-42
Calculate 29 + -2 + (-237 - -290) + -33.
47
What is -2 + -28 - 5 - 12?
-47
Evaluate 17 + 15 + -25 + -29 + 20.
-2
42 + -6 - (63 + -42) - 13
2
Evaluate -3 + 14 - (-18 + -3 + (2 - 4)).
34
Evaluate 130 - ((-67 - -71) + -1).
127
-1 - 72 - (162 + -187)
-48
What is the value of 508 + -580 - (-26 - (0 - 0))?
-46
Evaluate -2 - (9 + -19 + 13 + -51).
46
What is the value of -14 - 2 - (-2628 - -2576)?
36
Calculate (-2 - (20 - 21) - (-3 - -1 - 2)) + -50.
-47
Evaluate (22 + 10 + -18 - 31) + 4 + 0.
-13
What is the value of -2 - -1 - (-13 + (-15 + 18 - 9))?
18
1 - -62 - ((4 - 9 - 1) + (-89 - -91))
67
Calculate (98 - 6 - 66) + (0 - -9).
35
What is 3 + (-16 - (21 - 69) - 18)?
17
What is the value of 87 + (11 - 33) + -4 - 8?
53
What is the value of 3 - 18 - (6 - 44) - -39?
62
What is -295 + 239 - (-9 + 7)?
-54
Evaluate (0 + -14 - 0 - (-3 + -34 + 34)) + 19.
8
What is -864 - -905 - (5 + 5 + -4)?
35
14640 - 14684 - (2 - 148)
102
What is 49 - (-55 + 48 + 15)?
41
Evaluate -10 + -4 - (-56 - (4 + -128)).
-82
Evaluate (720 - 780) + (9 - (3 + -4 + 0 - -4)).
-54
Evaluate (11 - (22 - -10)) + (-13 - (10 + -156)).
112
Calculate 54 + (98 - 147 - -12).
17
Evaluate (17686 - 17681 - (1 - (-1 + 0))) + (-79 - 0).
-76
Evaluate (-22 - (-54 - (-18 + 10))) + -62 + (1 - 2).
-39
5 - (-11 + -1 + 12 + -30 - 1)
36
What is -30 + 0 + -1888 + 1997?
79
-108 + (3 + (4 - -1 - (-58 - -64)) - 3)
-109
What is 16 + (-1 - 1) + (55 - 89 - -45)?
25
What is the value of -1 + 2 + (-7 - (6 + -1 - (137 + -119)))?
7
What is -10 + 8 + -7 + (-5 - -3)?
-11
Calculate (3 - 5) + 10 + 1 + 0 + -17 + 135.
127
What is 104 + -208 + (0 - -178)?
74
What is (2 + -3 + 2 - (5 - 1)) + 1 + 30?
28
9 + -21 + -7 + 11 + -16
-24
What is the value of (126 - 100 - 124) + 118?
20
-168 - (4 + -86 - -46) - -45
-87
What is -19 - (146 - -22) - (-43 - -2)?
-146
Calculate -117 + 401 + -274 + 0 + -2 + 38.
46
What is 0 + 0 + 12 - (74 - 109)?
47
Calculate (-34 - -142) + -121 + 112.
99
Evaluate 11298 - 11396 - (13 + 0).
-111
Calculate -26 + 45 + -16 + 82 + 2 + -4 - 7.
76
-33 + (2 - 14 - -36) + -24 + 1
-32
What is the value of -139 - (-2 + 13 + -6 + -18 + 20)?
-146
Evaluate 3 + -12 + -14 - (38 - 42) - -103.
84
(-2 - -14 - -13) + (120 - 192)
-47
What is 14 - ((23 - -14) + -85)?
62
What is the value of (10 - 1) + -953 + 899 + (-1 - -15)?
-31
Calculate -24 + (0 - 11 - ((-16 